uppose 0 = -b + 5*o + 10 + 8, -4*b + 3*o + 4 = 0. Let d = -1 - b. Let m(w) = -15*w + 18. Let t(h) = h - 1. Let v(n) = -m(n) - 18*t(n). What is v(d)?
-3
Let c(y) be the second derivative of y**5/20 - 5*y**4/12 - y**3 - 28*y + 3. Determine c(6).
0
Let l(w) = w**2 + 4*w - 3. Let k(q) = -2*q**2 - 8*q + 5. Suppose 9 = -m + 2*m. Let v(i) = m*l(i) + 4*k(i). What is v(-5)?
-2
Let u be 16/(-6)*5/5*-3. Suppose -x = -u + 7. Let b(p) be the first derivative of -8*p**2 - p - 3. Give b(x).
-17
Let y = -4 - -2. Let k be (-1468)/2*((-39)/6 - -5). Let f(s) = k + 2*s + 2*s**3 - 1098 - 3*s**3. Give f(y).
7
Let v be 18/8*(7 - 3). Let t(a) = a**2 - 8*a. Let k(q) = -5*q**2 + 32*q. Let f(c) = v*t(c) + 2*k(c). Let z be f(-7). Let w(l) = l**2 - 8*l + 6. What is w(z)?
-1
Let t(d) = d**2 - d - 1. Let l(q) = -23*q**3 - q**2 + q + 1. Let y be l(-1). Suppose -20*j + y*j - 6 = 0. Determine t(j).
5
Let n(g) = -g**2 + 9*g - 8. Let d be n(8). Suppose d*q = q + 2. Let l(u) = -2 - 2*u**3 + u**3 - u + 0*u. Calculate l(q).
8
Let k = -37 + 39. Suppose -k = q, -3*w + 18 = -3*q - 12. Let f be (2 + -5)*w/(-6). Let o(h) = h**3 - 3*h**2 - 4*h - 3. Calculate o(f).
-3
Let m(x) = x**3 - 6*x**2 - 3*x + 9. Let r(u) = -4*u**2 - 22*u - 4. Suppose -30 = 5*z + z. Let j be r(z). Give m(j).
-9
Let l be -9*((-26)/(-3) - 9). Let t(z) = z**3 - z**2 + 6*z - 2. Let d(s) = s**2 + s - 1. Let q(o) = -4*d(o) + t(o). Give q(l).
-10
Let m(k) = -1 - 8180*k + 8181*k + k**2 + 0. Determine m(2).
5
Let r be (42/35)/(6/(-20)). Let k be r/14 - 48/(-21). Let y(x) = -3 + 2*x**2 - 3*x - 2*x**k + 3*x**2 - 4*x**2. Give y(-2).
-1
Let y(w) = w. Let a(f) = f**2 + 7*f + 23. Let t(q) = -a(q) + 4*y(q). Let s(u) be the first derivative of t(u). Let b be 57/(-21) + (-4)/14. Determine s(b).
3
Let q(y) = y**3 + y**2 - y + 1. Let m(f) = f**2 + 8*f - 18. Let u be m(-10). Let n be (u/7 - (-6)/(-21))*-1. Give q(n).
1
Let d = 40 - 36. Suppose -3*w = -2*p - 16, -p = 3*p - d*w + 24. Let q(f) = f**2 + f + 1. Calculate q(p).
3
Let x(q) = 17*q. Let w(l) = -18*l. Let j(n) = -2*w(n) - 3*x(n). Calculate j(-1).
15
Let l(d) = d**3 + d. Let v(h) = -4*h**3 - 5*h - 1. Let b(p) = -3*l(p) - v(p). Calculate b(-1).
-2
Let t(x) = 5*x - 2. Let b(c) = 9*c - 1. Let g(f) = 4*b(f) - 3*t(f). Determine g(-1).
-19
Let a(x) be the second derivative of 3*x**5/4 + x**4/12 + x**3/6 - x**2/2 + 15*x - 10. Determine a(1).
16
Let b(h) = h**3 - 9*h**2 - 9*h - 9. Suppose -8 = -3*j + 22. Determine b(j).
1
Let a(y) = y**3 - 3*y**2 - 4*y + 5. Suppose -4*z + 320 = -0*z. Let p be z/(-13) - 16/(-104). Let s be (3 - -5)*(-3)/p. Give a(s).
5
Let m(n) = 2*n**2 + 3*n - 1. Let d(f) = f**2 + 2*f. Let s(o) = 6*d(o) - 5*m(o). Determine s(3).
-40
Let t(d) = d**3 + 8*d**2 - 5*d + 1. Let a(p) = -5*p**3 - 40*p**2 + 26*p - 4. Let h(o) = 2*a(o) + 11*t(o). What is h(-8)?
27
Suppose 0*w + 5*w - 20 = 0. Suppose 5*k = 4*x + 14, 0 = -w*k + x + 2*x + 12. Let h(y) = -2*y**3 + 8*y + 6*y**2 - y**2 - 5 + y**3. Give h(k).
7
Let w(o) = -o - 1. Let z be (-2)/(3*(-2)/39). Suppose 0 = -3*b - 43 + z. Let u be 36/b*5/(-3). Give w(u).
-7
Let b(g) = 2 - 5*g**3 - 5*g + 5*g**2 - 5*g**3 - g**3 + 12*g**3. Let h(d) = -5*d**3 - 2*d**2 + d. Let n be h(1). What is b(n)?
-4
Let o(y) = -5 + y - 4*y + 4*y. Let x be o(10). Let v be x*(-8)/(-20) + 0. Let t(b) = b**3 - 2*b**2 + 2. Calculate t(v).
2
Let p(j) be the second derivative of j**7/210 + j**6/360 + j**5/120 - 25*j**4/12 - 10*j. Let f(v) be the third derivative of p(v). Give f(-1).
11
Let x(r) = -343 + 696 + r - 350. Give x(-10).
-7
Let t(v) = -10721*v**2 + 20*v + 3*v + 10722*v**2 - 6. Let x(o) = -o**2 - 12*o + 3. Let l(p) = 3*t(p) + 5*x(p). What is l(6)?
-21
Let m = 4 - 2. Let i(l) = -2*l + 19*l - 3 - 3 - l. Let b(c) = 3*c - 1. Let j(t) = m*i(t) - 11*b(t). Give j(1).
-2
Let y(s) = 3*s + 1 - 8*s - 3 + 5 + 2*s. Calculate y(-4).
15
Let o be 1/((0 - -3)/(-9)). Let v(s) = s + 5. Give v(o).
2
Let z(a) = -a**2 + a + 12. Let g be z(4). Let p(f) = -509*f + 508*f - 3*f**3 + g*f**3. Give p(-1).
4
Let p(y) = 4 + 139*y - 66*y + 2*y**2 - 69*y. Give p(-4).
20
Let x(a) = 17*a**2 - 45 + 20*a**2 + 21*a - 32*a**2 - 2*a. Let s(g) = -7 - 4 + g**2 + 3*g + 2*g. Let q(h) = -9*s(h) + 2*x(h). Give q(6).
3
Let n(o) = o**3 - 19*o**2 - 68*o + 3. Let l be n(-3). Let m(s) = -3*s - 4. Give m(l).
-31
Suppose n - 12 + 2 = 0. Suppose 2*q = -5*b - n, b + b = 4*q - 4. Let m(y) = 4*y - 6*y + 7*y - y - 4 + 7. Give m(b).
-5
Suppose -18*v = -16*v + 6. Let c(p) = p**2 + 7*p + 9. Determine c(v).
-3
Let d(s) = 2 - s**2 - 1 - s - 7*s + 3*s. Suppose 0 = o - 5*m - 14, 5*m = 2*m - 12. Calculate d(o).
-5
Let l(d) be the first derivative of -d**4/4 + 2*d**3 - 3*d**2/2 - 3*d + 23. Let u(b) = 2*b**3 - 5*b**2 + 4*b + 1. Let h be u(2). Give l(h).
7
Let f(t) = -6 + 1 - 9*t**2 - 11*t + 6*t**2. Let m(o) = -o**2 - o + 1. Let y(d) = f(d) - 4*m(d). Give y(8).
-1
Suppose -48 = -4*k + 2*m - 0*m, -4*k + 4*m + 52 = 0. Let s = -5 + k. Let n(x) = x**2 - 8*x + 1. Give n(s).
-11
Let g = 7 + -6. Let b be (-22)/(-3) + (-3)/9. Suppose 4*y - g = b. Let q(d) = -d**2 + 4*d - 2. Determine q(y).
2
Let c(d) = d**3 + 11*d**2 + 4*d + 7. Let t(z) = -2*z**3 - 22*z**2 - 10*z - 13. Let o(l) = 7*c(l) + 4*t(l). Calculate o(-10).
17
Suppose -2*w = 3*p - 17, 2*p = -3*w + 33 - 5. Suppose 5 = -2*l - o - 1, l = -4*o - w. Let z(c) = c**2. Determine z(l).
4
Let l(z) = -7*z**3 + 7*z**2 - 2*z + 2. Let s(q) = 3*q**3 - 3*q**2 + q - 1. Let x(p) = -2*l(p) - 5*s(p). What is x(1)?
0
Let y be ((-8)/6)/((-8)/12). Let q = 7 - y. Let o(m) = q - 2*m - 5*m + 3*m + m**2 + 0*m**2. Calculate o(4).
5
Suppose -3 = -3*k + 2*b, k + 0*k + 4*b = -13. Let h(n) be the first derivative of 0*n**3 - n + 1/4*n**4 - 1/2*n**2 + 11. Calculate h(k).
-1
Let t(n) = -27*n - 2. Let w be t(2). Let h = w - -40. Let f = h + 22. Let v(u) = -u + 1. Determine v(f).
-5
Let k be 4/6*(-9 + -4 + 7). Let z(g) = -4*g - 2. Determine z(k).
14
Let v(i) = -55*i + 2 + 55*i + 3*i**2 - 4. Let p = 1 + 1. Give v(p).
10
Suppose -3*c + 8*c = 345. Let s = -79 + c. Let f(h) = h**3 + 9*h**2 - 12*h - 15. Determine f(s).
5
Let b(j) = -j**3 - 2*j**2 + j. Let g be (-2 + -1)/((-2)/10). Suppose -g*w + 11*w - 100 = 0. Let p = w + 23. What is b(p)?
-2
Let y(r) = r**3 - 4*r**2 - 6*r + 3. Let p(g) = -9*g + 7*g - g**2 + 8*g + 5 + 2*g. Let j be p(8). What is y(j)?
-2
Let l(a) = a - 1. Suppose 0 = -6*u + 2*u + 56. Let o(w) = 2*w + 16. Let j be o(u). Suppose -3*t - t + j = 4*z, -2*t + 16 = z. What is l(z)?
5
Suppose -2 = -2*c - 2*x, 0 = -5*x - 4 - 1. Suppose -5*y = -c*y + 9. Let h(l) = l**2 + l + 2. What is h(y)?
8
Suppose -2*i + 5*i - 12 = 0. Let t(u) = -4*u**2 - i*u**2 + u**3 + 7*u**2 + 2*u**2. Give t(-1).
0
Let x(r) = 5*r - 1. Let d(l) = -54 + 2 - l**2 + 17 + 13*l + 4. Let y be d(9). What is x(y)?
24
Suppose -5*f - 2 = -4*f. Let g(q) = q + 2. Determine g(f).
0
Let n(q) = 8*q. Let j(b) = 17*b + 5. Let f(s) = j(s) - n(s). What is f(-5)?
-40
Suppose 3*q - 2 = w, -2*q + 6*q = -w + 19. Let k(o) = -o + 13. What is k(w)?
6
Let d = 275 + -265. Let b(i) = -i**2 + 12*i - 13. What is b(d)?
7
Let j be ((-4)/(-12))/((-4)/348). Let g = 21 + j. Let f(b) = b**2 + 6*b - 10. Calculate f(g).
6
Let c(w) be the third derivative of -w**4/24 + w**3/3 - 10*w**2. Suppose 22*j + 180 = 67*j. What is c(j)?
-2
Let c(h) be the first derivative of 5*h**2/2 + 31*h - 255. What is c(-5)?
6
Let c(g) be the first derivative of -g**2/2 - 4*g - 9. Let o be (-7)/(-2)*(0 - 72/42). Give c(o).
2
Let o(z) be the first derivative of -3*z**2/2 - 4*z - 1. Let d(s) be the third derivative of -s**4/24 + 4*s**2 + 1. Let u(k) = 4*d(k) - o(k). What is u(3)?
1
Let s(v) = -v - 3. Let h(x) = -8*x - 3. Let c(r) = 7*r + 3. Let f(k) = -6*c(k) - 5*h(k). Let m(u) = -4*f(u) + 3*s(u). Determine m(-5).
-22
Let o(d) = 3*d - 6. Let p(y) be the first derivative of -y**3/3 + y**2/2 + 5*y + 11. Let v be p(0). What is o(v)?
9
Let d(m) = -m + 15. Let h be d(13). Let l(n) = 4 - 4*n + 3*n + 4*n + n**h - 2*n. What is l(-3)?
10
Suppose -29*x = -16*x - 39. Let z(i) = 13*i - 19*i + i**3 + 0 - x + 5*i**2. Give z(-6).
-3
Let s(v) be the second derivative of -v**4/12 - v**3/6 + 8*v**2 + 262*v. Calculate s(-5).
-4
Let i(w) = 3*w**2 + 2*w. Let v(g) be the third derivative of -g**5/15 - g**4/24 - g**3/6 + 8*g**2. Let z(y) = 3*i(y) + 2*v(y). Give z(-4).
-2
Let a = -1373 + 1402. Let w(o) = -o**2 + 31*o 